. Let g be b(-4). Let a = -127 + g. What is the greatest common divisor of a and 16?
2
Let t(a) = 33*a - 18. Let l be t(2). Let o(m) = m**3 + 8*m**2 + 5*m - 2. Let w be o(-5). What is the highest common factor of l and w?
48
Let w = 100129 + -100105. Suppose -2*k - 1 = -3*k + f, 29 = 4*k + f. Calculate the greatest common factor of k and w.
6
Let p = 8988 + -8563. Calculate the greatest common divisor of 1088 and p.
17
Let a(j) = -j**3 - 6*j**2 + 9*j - 12. Let o = -198 + 190. Let z be a(o). Calculate the greatest common divisor of 33 and z.
11
Suppose -13*l = 4119 - 12127. Suppose -o = 13*o - l. Let g be 11/(((-4)/(-3))/4). Calculate the greatest common factor of o and g.
11
Suppose 28*g + 2570 - 2990 = 0. What is the highest common divisor of 10545 and g?
15
Suppose -1598 = 2*t + 5*b - 352, 0 = 3*t - 3*b + 1848. Let y = 888 + t. What is the greatest common divisor of y and 27?
27
Let i = 10120 - 6195. Calculate the greatest common factor of 125 and i.
25
Let c be (-450)/(-7)*14/3. Suppose 4822 = -0*q - 5*q + 4947. Calculate the greatest common divisor of c and q.
25
Suppose -4*m - 3*m + 364 = 0. Let t(l) = -13*l**3 - 11*l**2 - 5*l - 7. Let v be t(-3). Calculate the greatest common factor of v and m.
52
Let u = 727 - 1901. Let z = u + 1670. What is the greatest common divisor of 62 and z?
62
Suppose 3*b = 3*o - 2*b - 97, 0 = -5*b + 20. Suppose -4*l = -o - 1. Let k = 1892 + -1882. What is the greatest common divisor of k and l?
10
Let i be 165 - -17*((-35)/280 - 31/136). Let t be (-8)/(-4)*3/2. What is the greatest common factor of t and i?
3
Let s = 2198 - 2190. Calculate the greatest common divisor of s and 7528.
8
Let p = 3911 + -3903. Let u = 257 - 89. Calculate the highest common factor of u and p.
8
Let l(w) = w**3 - 3*w**2 - 17*w - 76. Let y be l(8). Let k(h) = 7*h**3 - 2*h**2 + h - 2. Let o be k(2). Calculate the greatest common divisor of o and y.
12
Let o be (-6)/45*-5*(-10 + 1). Let v be 2 + 1 + 0 + o/(-6). Suppose 4*f = 4*r - 8, 7*r - 10*r - v*f + 13 = 0. What is the highest common divisor of 6 and r?
3
Let d be 1244243/715 + 12/(-10). Calculate the highest common factor of d and 185.
37
Let z = 28 + -27. Let m(u) = -3 - 8*u**2 + 7*u**2 + z + 7*u. Let h be m(6). Calculate the greatest common divisor of h and 32.
4
Suppose 9*y - 8*y = 135. Suppose -v + y = 32. Calculate the highest common divisor of v and 927.
103
Let f(y) = -46 + 42 - 34 - 40*y + 252. Let i be f(5). Calculate the greatest common divisor of i and 154.
14
Suppose 112*a - 1169 - 2639 = 0. Let p = -48 - -116. Suppose -y = y - p. Calculate the highest common divisor of a and y.
34
Suppose 5*c - 2 - 8 = 0. Let w be 35*((-32)/28 + c). Let j be (-11)/(-55) + (-44)/30*(7 + -58). Calculate the highest common divisor of j and w.
15
Let q(r) = -r**3 + 42*r**2 - 120*r + 150. Let l be q(39). What is the greatest common divisor of l and 33?
33
Suppose 2*w - 9 = h + 407, 413 = -h + w. Let o = -152 - h. Calculate the highest common factor of o and 6.
6
Let y be 2748/(-4122)*((1 + -1 - 23) + -1). Calculate the greatest common divisor of 86 and y.
2
Let y be (1632/(-510))/(((-2)/(-385))/(-1)). What is the greatest common divisor of 128 and y?
8
Suppose -49*t + 843 = -7193. What is the highest common factor of 7626 and t?
82
Suppose -4*u + 21*x = 16*x - 6, 8*u - x = 30. Suppose -4*h - 30 + 878 = 0. Calculate the highest common factor of u and h.
4
Let w be 2340/(-27)*(-45)/10. Calculate the greatest common divisor of 858 and w.
78
Let z(d) = 7*d**2 + d - 5. Let s(i) = 7*i**2 - 5. Let h(c) = 4*s(c) - 3*z(c). Let w be h(-1). What is the greatest common factor of 545 and w?
5
Let i be (12/(-10))/((-2)/(-10)). Let m be (1098/(-39) - 2) + (96/39)/16. Let t be 10/m + (-392)/i. Calculate the highest common factor of t and 13.
13
Suppose -2*h + 12 = -36. Let k = 21556 + -21460. Calculate the highest common factor of k and h.
24
Suppose -77*o - 1818 = -21838. Calculate the greatest common factor of 390 and o.
130
Suppose 2*w - 12680 = -2*i, -88*w + 87*w = -3*i + 18984. What is the highest common factor of i and 39?
13
Suppose -4 = -2*r - 2*s + 4, -3*r + 5*s - 20 = 0. Suppose -4*u + 48 = -4*j - j, r = 4*u + 2*j - 48. Calculate the highest common divisor of 84 and u.
12
Suppose 5*b + 12*x - 54 = 13*x, -4*x + 24 = 0. What is the highest common divisor of 16 and b?
4
Let v(g) = 10*g + 802. Let y be v(-36). What is the greatest common factor of y and 306?
34
Let p = -8030 + 8960. What is the highest common divisor of p and 8742?
186
Suppose -25*l + 66 = 8*l. Suppose -v = -3*s - 33, -3*v = -l*s - 3*s - 107. What is the highest common divisor of 6 and v?
3
Suppose 0 = -c - 6 + 11. Let j(y) = 4*y - 58. Let t be j(15). What is the greatest common factor of c and t?
1
Let i(p) = 9*p**2 + 63*p. Let s be i(-7). Suppose -n + 5*m + 206 = s, n - 5*m = -8*m + 190. Calculate the greatest common factor of n and 84.
28
Let l be 40 + -2 - (-1 + 0). Suppose -4*g + 113 = 5*p, p = -3*g + 43 + l. Let u be 1/(-12 - (-217)/18). What is the highest common divisor of u and g?
9
Let o(h) = -6*h**2 - 205*h - 53. Let z(t) = -t**2 - 41*t - 11. Let k(d) = -2*o(d) + 11*z(d). Let p be k(42). What is the greatest common divisor of p and 243?
27
Let f be 2/3*(-2079)/66. Let d be (-297)/f - 2 - (-3)/(-21). Let p be (-1 - (-1 - -1))*-108. Calculate the greatest common divisor of p and d.
12
Let c(q) = -q**2 - q - 10. Let m be c(9). Let b = m - -100. Suppose -9 = -3*s, b = 4*l + l + 4*s - 132. What is the highest common factor of l and 16?
8
Let r be 3 - 75/20 - 44205/(-60). What is the greatest common divisor of 176 and r?
16
Let s(k) = -4*k - 75. Let b(m) = -4*m - 78. Let i(l) = -6*b(l) + 5*s(l). Let p be i(-9). Calculate the highest common factor of p and 3.
3
Let w = -302 + 299. Let m be (w/45 + 12/30)*174. Calculate the greatest common divisor of m and 464.
58
Suppose -11*p + 4209 + 2930 = 0. Let w be (-1)/(4/(-44) - 0). Calculate the highest common factor of p and w.
11
Let w be (212/(-6))/(8/(-12)). Let u be ((-1431)/36)/((-54)/(-48)*(-2)/3). Calculate the greatest common factor of u and w.
53
Let y = 340 + -64. Suppose -3*m - 1 - 2 = 0, 347 = 5*x - 2*m. What is the greatest common divisor of y and x?
69
Suppose -2*x - 5 + 11 = 0. Suppose 3*o + x = 9. Suppose o*l + 3*m - 90 = 0, 4*m + 65 = 2*l + 3. What is the highest common divisor of l and 351?
39
Let r = 874 + -610. What is the greatest common factor of 1914 and r?
66
Let f be ((10/(-4))/1)/((-2300)/15640). Let m(j) = 2*j**3 + 2*j**2. Let y be m(-2). Let z = f - y. Calculate the greatest common divisor of 225 and z.
25
Let y = -62 - -66. Let x be ((-6)/y)/(24/(-32)). Suppose 13 = l + 3*o, 4*o - 13 = -3*l + x*l. Calculate the greatest common factor of l and 65.
13
Let v = 268 + -387. Let q be 1/3 - (v/3 - 0). Suppose -72*n = -71*n - 16. Calculate the highest common divisor of n and q.
8
Let r be 28/(-406) - 3809750/(-290). What is the greatest common divisor of r and 87?
87
Suppose 3*b + 54*b - 1457 = 10*b. Calculate the greatest common divisor of 19003 and b.
31
Let w = -30671 + 30776. Suppose 0*z = -2*z + 70. Calculate the highest common divisor of w and z.
35
Suppose -30*u + 54 = -12*u. Let k be u/((-3584)/(-712) + -5). Calculate the highest common divisor of k and 445.
89
Let r(j) = -j**2 + 6*j + 39 + 25 - 10 + j**3 - 3*j. Let y be r(0). Calculate the greatest common divisor of 9 and y.
9
Suppose 8*c - 4*c = -12. Let f(n) = 3*n**3 + 2*n**2 - 2*n + 2. Let g be f(c). Let o = g - -70. Calculate the greatest common divisor of o and 30.
15
Let m be (6/(-9))/((-2)/27). Let b be (-6293)/(-93) + ((-4)/6 - -1). Let o = b + m. Calculate the greatest common factor of o and 7.
7
Let t = 993 - 173. Calculate the greatest common divisor of 40 and t.
20
Let o = -43 + 37. Let v(t) = -t**3 - 6*t**2 + 4. Let d be v(o). Suppose 44 + 60 = d*w. What is the highest common divisor of w and 13?
13
Suppose -6*r + 5*r = -120. Let u = 5585 + -5561. Calculate the greatest common divisor of u and r.
24
Let v = -66 + 66. Suppose v*a + 60 = 3*a. Let l = -173 + 353. Calculate the highest common divisor of l and a.
20
Let z be 1112/15 - (-8)/(-60) - (7 - 13). Let f = 937 - 257. Calculate the highest common divisor of z and f.
40
Let v(p) = 5*p**2 - 10*p + 28. Let j(o) = -3*o**2 + 5*o - 14. Let d(u)